= -4*k - s + 364. What is the highest common divisor of k and 210?
30
Let b(u) = u**3 - 6*u**2 + u + 591. Let f be b(0). What is the highest common divisor of 12 and f?
3
Let h = -5818 - -5905. What is the greatest common divisor of 9 and h?
3
Let h = 6 + -1. Suppose 3*z - h*z + 3*t + 20 = 0, -4 = 2*t. Suppose 27*c - 32*c + 27 = -4*f, c - 11 = -2*f. What is the greatest common factor of z and f?
1
Let x(i) = -3*i**3 + i**2 - 2*i - 56. Let l be x(0). Let o = -23 - l. Calculate the highest common factor of 33 and o.
33
Let m = -5609 - -6034. What is the greatest common factor of m and 1445?
85
Suppose -a - 216 = -5*y, -40*a - 100 = -2*y - 43*a. What is the greatest common factor of 55 and y?
11
Let f(q) = 22816*q - 113928. Let v be f(5). Let u = -13 - -29. What is the highest common divisor of v and u?
8
Let m be 4/10 - 43/(3440/(-12928)). What is the highest common divisor of 3321 and m?
81
Let h(s) = 7*s - 23. Let q be h(9). Suppose -33*m = -23*m - q. What is the greatest common factor of m and 14?
2
Suppose -35*x = -33*x - 4*g - 6, 2*x - 6 = -2*g. Suppose -5*p + 62 + 103 = 0. Let w be p - (-1 - -1)*-1. What is the highest common factor of x and w?
3
Let x be 259 - 1 - (-17)/(51/(-24)). Let a be 6/2 + 0 + 47. What is the highest common factor of a and x?
50
Suppose 0 = 6*g + 8*g + 6*g - 3360. Calculate the greatest common divisor of 318 and g.
6
Suppose -2*i + 9824 = 5*p, -p + 1955 = -31*i + 30*i. What is the greatest common divisor of p and 12?
6
Let q be (-2)/11 + (-5040)/(-616). Suppose -4*y = -2*t - 140, -3*y - q*t + 3*t = -118. Calculate the greatest common factor of 99 and y.
9
Suppose 0 = -14*f + 27*f - 14*f + 602. Calculate the highest common factor of f and 434.
14
Let q(t) = -t**3 + 12*t**2 - 8*t - 37. Let y be q(11). Let f be (-4 - y - 5)/((-4)/16). What is the greatest common factor of f and 90?
10
Let y = -1332 + 1382. Let s be 30 + 0/(2 - 0). What is the greatest common divisor of y and s?
10
Let t = -5761 - -5836. Suppose 2*j - 3*d = 6*j - 27, -20 = -4*d. Calculate the highest common factor of j and t.
3
Let h be ((-390)/715 - 1858/22)*(-14)/2. Calculate the highest common divisor of 30 and h.
5
Let x(t) = -t**2 - 15*t + 18. Let q be x(-14). Suppose 0 = 2*b + 8*g - 5*g - 48, 5*g = -3*b + 72. What is the highest common divisor of q and b?
8
Suppose -478 = -4*v - 3*c, -209 + 219 = 5*c. Calculate the greatest common factor of v and 11918.
118
Let x = -18788 - -18879. Calculate the greatest common divisor of x and 533.
13
Suppose -5*d = -3*d - s - 49, -2*d + 5*s + 45 = 0. Suppose 184 = d*j - 17*j. What is the highest common factor of j and 207?
23
Let a(q) = 37*q**2 - 14 + 60*q**2 + 3*q - 61*q**2 - 3*q**3. Let n be a(12). Calculate the greatest common divisor of n and 33.
11
Let i be (8 + -42)*(42/(-36) - 1/3). Calculate the highest common factor of i and 799.
17
Suppose -2*r + 399 = 3*y, -79 + 345 = 2*y - 4*r. What is the highest common divisor of 76 and y?
19
Let d be 18 - 2/3*-3. Suppose -4*t + 1232 = x, -19*x - 3*t + 2439 = -17*x. Let n = x - 1162. Calculate the greatest common divisor of d and n.
10
Suppose -52 = -15*y + 8. Suppose -y*o + 8541 = 5*o. What is the greatest common divisor of o and 73?
73
Suppose -744 = 13*s - 49*s + 1524. What is the greatest common factor of s and 171?
9
Suppose 4*t = -5*j + 7 + 699, 2*t = -j + 350. Let w = -149 + t. What is the highest common divisor of w and 55?
5
Let z(u) = 2*u**3 - 8*u**2 + 6*u - 9. Let n be z(5). Let f = n - 44. Let d be (-1)/(27/(-2100)) + 6/f. What is the greatest common divisor of d and 13?
13
Let g be (2/(-7))/((-6)/105). Suppose -114*j + 3270 = -108*j. Calculate the greatest common factor of g and j.
5
Let t be (-2)/((-102)/33 + 3). Suppose -7 = 3*l + 4*d - 2*d, -t = 3*l + 5*d. Let m be (l - 33)/(4/(-10)). What is the highest common divisor of m and 20?
20
Let q(d) = -d**2 - 11*d - 2. Let j be q(-8). Let z be 0/1 - (12 + 0 - 298). What is the highest common factor of z and j?
22
Let b be (-8)/(-12)*-1 - 28/3. Let f(x) = x**3 + 11*x**2 - 7*x - 10. Let p be f(b). What is the greatest common divisor of 20 and p?
20
Suppose 4*f - 912 = 229*s - 235*s, -3*s + 444 = -2*f. Calculate the highest common divisor of s and 114.
6
Let b(l) = 10*l + 11. Let c be b(-2). Let w be -84 + 1 + c/9. Let n be (w/(0 + -2))/(6 + -5). Calculate the highest common divisor of n and 18.
6
Let n = -4508 + 10520. Calculate the greatest common divisor of n and 72.
36
Suppose 17*s - 14*s - 12 = 0. Suppose -2*t - n + 62 = 0, -t + s*n = -3*t + 68. Let p be (-7)/(-1)*(-48)/(-28). What is the highest common divisor of p and t?
6
Let x(r) = 127*r + 2669. Let h be x(-19). Calculate the greatest common factor of 392 and h.
8
Let l be (2 + 2)/(-2) - -247. Let t be 230*7/(-2) + 3. Let b = -767 - t. Calculate the highest common divisor of l and b.
35
Suppose -5*z = 1416 - 1211 - 3030. Calculate the highest common divisor of 2599 and z.
113
Let c be (-12)/22 + (-60120)/(-110). What is the greatest common divisor of c and 168?
42
Let o = -467 - -478. Suppose -o*v + 224 = 5*v. Calculate the greatest common factor of v and 238.
14
Suppose 102 = 2*n - 3*n - c, 0 = n - 3*c + 114. Let a = n + 129. Calculate the greatest common divisor of 9 and a.
3
Let z(v) be the second derivative of -v**5/20 + 7*v**4/6 - 29*v**3/6 + 3*v**2 + 2*v - 54. Let n be z(9). What is the greatest common factor of n and 100?
50
Let h(x) = 42 - 4*x + 10*x + x. Let w be h(-10). Let d be (91/w)/((-2)/24). What is the greatest common factor of 39 and d?
39
Let s = -304 - -286. Let m be 15*5/((-30)/s). What is the highest common divisor of 30 and m?
15
Let l(i) = 20*i + 54. Let h be l(-18). Let k = 22 - h. Suppose 246 = 10*a - 4*a. What is the highest common divisor of k and a?
41
Suppose -4*a = -k - 13, -5*k - 6*a + 2*a + 31 = 0. Let t = 914 + -881. Calculate the highest common factor of k and t.
3
Let x = -290 - -462. Suppose 29 = -11*m + x. Calculate the highest common divisor of m and 143.
13
Let o be (-5)/((-25)/(-20))*462/24. Let a be 2/7 - 9988/o. What is the greatest common divisor of a and 10?
10
Let k be -5 - -26*((-770)/(-140) - (-6)/(-2)). Calculate the greatest common divisor of 4540 and k.
20
Suppose -2*m + 8 + 2 = 0. Let c be (2 - 0) + -8 + 8. Suppose -c*k + 47 = -m. Calculate the greatest common divisor of k and 208.
26
Let b = 39 + -8. Let s be 17/(2499/1092)*7/(-2). Let n = b + s. What is the highest common factor of 15 and n?
5
Let l be ((-66)/(-15))/(6/120). Suppose 296 = 54*o - 17*o. Calculate the highest common factor of l and o.
8
Suppose -3*m = 6, m - 16 + 18 = -2*l. Suppose -25*o + 20982 - 882 = l. Calculate the highest common divisor of o and 12.
12
Suppose 3*t = -3*g - 17 - 25, -4*t - 2*g = 50. Let f be (-461)/t + 9/99. Calculate the highest common factor of 210 and f.
42
Let s = -20441 - -20714. Calculate the greatest common factor of s and 2535.
39
Let v be 8288/280*(-2 - (-9)/2). Calculate the highest common divisor of 3626 and v.
74
Let k(h) = h**3 - 13*h**2 + 6*h - 56. Let d be k(13). What is the greatest common factor of d and 363?
11
Suppose 21636 = 55*s + 71*s - 5706. What is the highest common divisor of s and 93?
31
Suppose 4*g - 483 = -1851. Let c = -228 - g. What is the highest common factor of c and 171?
57
Let h(q) = -7*q**3 + q - 3. Let f(i) = 15*i**3 - 2*i + 6. Let p(t) = 6*f(t) + 13*h(t). Let j be p(-2). Calculate the greatest common factor of j and 24.
3
Let o be 87*6/(-9)*-8. Let f(j) = -127*j + 693. Let d be f(5). What is the greatest common divisor of o and d?
58
Let w(p) = p**3 + 4*p**2. Let f be w(-4). Let o be 2/4*f - -34. Let y be 2856/(-20748)*38*((-75)/10 + 1). Calculate the greatest common divisor of y and o.
34
Suppose 149*m + 414 = 155*m. What is the highest common divisor of 21 and m?
3
Suppose -33*g + 54*g = -82*g + 753445. What is the greatest common factor of g and 19?
19
Suppose 60*g + 4*n + 208 = 61*g, -g - 2*n + 184 = 0. Calculate the highest common divisor of g and 78.
6
Let c be 158/395 - (-868)/5. Calculate the greatest common factor of c and 667.
29
Let s be 2 + (0 - 2) + 7. Let y(q) = 2*q + 18. Let b be y(-8). Suppose -b*d = -s - 27. Calculate the greatest common factor of 17 and d.
17
Let i(y) = -y**3 + 2*y**2 + 8*y - 7. Let k = 16 - 19. Let m be i(k). Let t be 68 - (-3 - (-1